{"id":2713,"date":"2021-10-15T10:57:06","date_gmt":"2021-10-15T08:57:06","guid":{"rendered":"https:\/\/asedef.com\/?page_id=2713"},"modified":"2021-11-15T11:01:50","modified_gmt":"2021-11-15T10:01:50","slug":"presidente-du-centre-barthime","status":"publish","type":"page","link":"https:\/\/asedef.com\/index.php\/presidente-du-centre-barthime\/","title":{"rendered":"MESSAGE DE LA PRESIDENTE DU CENTRE BARTHIME"},"content":{"rendered":"<div class=\"wpb-content-wrapper\"><p>[vc_row][vc_column][vc_column_text]<\/p>\n<p class=\"p2\"><span class=\"s1\"><span class=\"Apple-converted-space\">\u00a0<\/span><\/span><b>MESSAGE DE LA PRESIDENTE DU CENTRE BARTHIME (CENTRE DES AVEUGLES DE MONT-NGAFULA II) EN MARGE DE LA CELEBRATION DE LA JOURNEE INTERNATIONALE DE LA CANNE BLANCHE<span class=\"Apple-converted-space\">\u00a0<\/span><\/b><\/p>\n<p class=\"p3\">Mesdames, Mesdemoiselles et Messieurs,<span class=\"Apple-converted-space\">\u00a0<\/span><\/p>\n<p class=\"p3\">Le 15 octobre de chaque ann\u00e9e, le monde entier c\u00e9l\u00e8bre la journ\u00e9e mondiale de la canne blanche. Cette date a \u00e9t\u00e9 d\u00e9cr\u00e9t\u00e9e en 1970 par l\u2019Union Mondiale des Aveugles, d\u00e9nomm\u00e9e jadis, \u00ab F\u00e9d\u00e9ration Internationale des Aveugles \u00bb<b><i>. <\/i><\/b>La canne blanche est un symbole de la c\u00e9cit\u00e9 et de la malvoyance, permettant aux personnes aveugles et malvoyantes de se d\u00e9placer dans la rue et autres lieux publics, pr\u00e9venant ainsi aux automobiles et pi\u00e9tons de leur handicap.<span class=\"Apple-converted-space\">\u00a0<\/span><\/p>\n<p class=\"p3\">En effet, nul n\u2019ignore que les guides des aveugles ont aussi leurs multiples pr\u00e9occupations qui peuvent les rendre indisponibles. Etant aveugle, j\u2019ai estim\u00e9 que le Centre Bartim\u00e9 (Centre des aveugles de Mont Ngafula II), \u00ab CEB \u00bb en sigle, ne pouvait pas laisser passer cette journ\u00e9e inaper\u00e7ue. Voil\u00e0 pourquoi nous vous invitons \u00e0 vous joindre \u00e0 nous, afin de c\u00e9l\u00e9br\u00e9 cette f\u00eate ensemble.<span class=\"Apple-converted-space\">\u00a0<\/span><\/p>\n<p class=\"p3\">Le Centre Bartim\u00e9 s\u2019est fix\u00e9 comme objectif : Protection, promotion, autonomisation, r\u00e9insertion et revalorisation des aveugles et des personnes malvoyantes, conform\u00e9ment aux articles : 49 de la constitution de la RDC, 17 et 19 de la Convention des Nations Unies relative aux droits des personnes handicap\u00e9es. \u00c9tant des personnes \u00e0 part enti\u00e8res et non des sous-hommes, les aveugles et les malvoyants sont capables d\u2019oeuvrer dans tous les domaines de la vie, notamment les domaines \u00e9ducationnel, professionnel, entrepreneurial, sanitaire, politique, etc.<span class=\"Apple-converted-space\">\u00a0<\/span><\/p>\n<p class=\"p3\">Mesdames, Mesdemoiselles et Messiers,<span class=\"Apple-converted-space\">\u00a0<\/span><\/p>\n<p class=\"p3\">En notre qualit\u00e9 de militante des droits des personnes avec handicap et autres personnes vuln\u00e9rables, nous voudrions rappelle \u00e0 cette occasion, \u00e0 toute la communaut\u00e9, que le handicap n\u2019est pas synonyme de manque d\u2019intelligence, de m\u00e9moire, d\u2019initiatives, des projets, de vision pour l\u2019avenir, ni de manque de responsabilit\u00e9, mais c\u2019est plut\u00f4t une surprise qui peut arriver \u00e0 toute personne \u00e0 son insu , et sans son consentement, pendant son p\u00e8lerinage sur la terre.<span class=\"Apple-converted-space\">\u00a0<\/span><\/p>\n<p class=\"p3\">Ainsi, nous aimerions faire comprendre \u00e0 tout un chacun que, la canne blanche pour un aveugle est une sorte de lumi\u00e8re sur son chemin, un instrument tr\u00e8s utile \u00e0 la mobilit\u00e9 de celui-ci. D\u2019o\u00f9 au nom de tous les non-voyants ou aveugles et malvoyants, nous lan\u00e7ons un appel fort \u00e0 la bonne foi des Autorit\u00e9s publiques, de respecter les droits de cette cat\u00e9gorie des personnes et leur faciliter l\u2019acc\u00e8s \u00e0 la canne blanche sur toute l\u2019\u00e9tendue du pays ; <span class=\"s2\">2<span class=\"Apple-converted-space\">\u00a0<\/span><\/span><\/p>\n<p class=\"p3\">nous disons que perdre la vue, n\u2019est pas synonyme de perdre la vie. Les gens peuvent vous minimiser, aujourd\u2019hui \u00e0 cause de votre c\u00e9cit\u00e9, mais sachiez que vous avez du prix aux yeux de DIEU, ne vous sous-estimez donc pas, ne baissez pas les bras, surmonter votre handicap, prenez votre destin en main, ayez confiance en vous et en DIEU le Cr\u00e9ateur, affirmez-vous en cultivant l\u2019excellence en tout lieu et en tout temps, de mani\u00e8re \u00e0 amener la soci\u00e9t\u00e9 \u00e0 changer sa conception sur votre handicap.<span class=\"Apple-converted-space\">\u00a0<\/span><\/p>\n<p class=\"p3\">Que ce message soit pour vous, personnes non voyantes et malvoyantes une exhortation, un encouragement et un rappel pour une prise de conscience de la consid\u00e9ration que Dieu vous a accord\u00e9 en choisissant un aveugle pour r\u00e9v\u00e9ler aux hommes les choses qui arriveront \u00e0 la fin de temps (cfr le livre d\u2019Apocalypse).<span class=\"Apple-converted-space\">\u00a0<\/span><\/p>\n<p class=\"p3\">Nous croyons que ce message touchera les coeurs de tous ceux qui voudront bien soutenir notre cause.<span class=\"Apple-converted-space\">\u00a0<\/span><\/p>\n<p class=\"p3\">Que DIEU vous b\u00e9nisse !<span class=\"Apple-converted-space\">\u00a0<\/span><\/p>\n<p class=\"p3\"><b><i>Mme Sophie NGALULA<span class=\"Apple-converted-space\"><br \/>\n<\/span><\/i><\/b><b><i>Chef de CEB<span class=\"Apple-converted-space\">\u00a0<\/span><\/i><\/b><\/p>\n<p class=\"p4\"><b><i>Militante des droits des personnes avec<span class=\"Apple-converted-space\">\u00a0<\/span><\/i><\/b><\/p>\n<p class=\"p4\"><b><i>handicap et autres vuln\u00e9rables<span class=\"Apple-converted-space\">\u00a0<\/span><\/i><\/b><\/p>\n<p>[\/vc_column_text][\/vc_column][\/vc_row]<\/p>\n<\/div>","protected":false},"excerpt":{"rendered":"[vc_row][vc_column][vc_column_text] \u00a0MESSAGE DE LA PRESIDENTE DU CENTRE BARTHIME (CENTRE DES AVEUGLES DE MONT-NGAFULA II) EN MARGE DE LA CELEBRATION DE LA JOURNEE INTERNATIONALE DE LA CANNE BLANCHE\u00a0 Mesdames, Mesdemoiselles et &#8230;","protected":false},"author":1,"featured_media":0,"parent":0,"menu_order":0,"comment_status":"closed","ping_status":"closed","template":"","meta":{"give_campaign_id":0,"footnotes":""},"class_list":["post-2713","page","type-page","status-publish","hentry"],"campaignId":"","_links":{"self":[{"href":"https:\/\/asedef.com\/index.php\/wp-json\/wp\/v2\/pages\/2713","targetHints":{"allow":["GET"]}}],"collection":[{"href":"https:\/\/asedef.com\/index.php\/wp-json\/wp\/v2\/pages"}],"about":[{"href":"https:\/\/asedef.com\/index.php\/wp-json\/wp\/v2\/types\/page"}],"author":[{"embeddable":true,"href":"https:\/\/asedef.com\/index.php\/wp-json\/wp\/v2\/users\/1"}],"replies":[{"embeddable":true,"href":"https:\/\/asedef.com\/index.php\/wp-json\/wp\/v2\/comments?post=2713"}],"version-history":[{"count":1,"href":"https:\/\/asedef.com\/index.php\/wp-json\/wp\/v2\/pages\/2713\/revisions"}],"predecessor-version":[{"id":2714,"href":"https:\/\/asedef.com\/index.php\/wp-json\/wp\/v2\/pages\/2713\/revisions\/2714"}],"wp:attachment":[{"href":"https:\/\/asedef.com\/index.php\/wp-json\/wp\/v2\/media?parent=2713"}],"curies":[{"name":"wp","href":"https:\/\/api.w.org\/{rel}","templated":true}]}}